 the prime factors of 8/12 + (-4136)/(-6).
2, 3, 5, 23
Suppose 2*f - t = 4, -f + 4*t = -3*f - 16. Suppose -11*i + 8*i + 189 = f. What are the prime factors of i?
3, 7
Let h be ((-12)/9)/((-10)/15). Let o(w) = w**h + 6*w - 21*w + 0 + 0 + 3. What are the prime factors of o(16)?
19
Suppose -20*c = -1791 - 2429. List the prime factors of c.
211
Let n(w) = 2*w**2 - 3*w - 1. Suppose 0*l = 3*f - 3*l + 6, 5*f - 35 = -4*l. List the prime factors of n(f).
2
Suppose -2*y - 86 = -2*z, 5*z = -2*y + 3*z - 94. Let q be 2/((-3)/(y/(-6))). What are the prime factors of (15 - q) + 1 + -4?
17
Suppose 0 = -5*h - v - 248 + 2866, 4*h - 2107 = -5*v. List the prime factors of h.
523
Let y = -12 + 21. Let b be -5 - (-1*(0 + -2))/(-2). Let z = y + b. List the prime factors of z.
5
Let s be (-2)/(-7) + 133/49. Suppose -w = 4*g - 826, 6*g + 5*w = s*g + 611. What are the prime factors of g?
3, 23
Let r(s) = 70*s**2 - 4. Let g be r(-2). Suppose -5*y = 66 - g. List the prime factors of y.
2, 3, 7
Suppose -3*z + 10 = -0*z + n, 0 = 3*z - 3*n + 6. Let h be 14/z*14/(-7). List the prime factors of h/(-35) + 326/10.
3, 11
Let t be -3 - (30 + 3)*(1 - 2). Let b be 2/11 - (-438)/11. List the prime factors of (t/(-8))/((-5)/b).
2, 3, 5
What are the prime factors of 5*109 - (-71)/(-71)?
2, 17
Suppose -2*g + 5*d = -5*g - 20, 3*d = -3*g - 12. List the prime factors of 0 - (g + 2)*-1.
2
Let t = 83 - 80. Let l(n) = n**3 - 2*n - 1. Let f be l(2). What are the prime factors of f + -2 + 66/t?
23
Let k(p) = -3 + p + 0 + p**3 + 7*p**2 + 2*p + p. Let n be k(-6). List the prime factors of (12/n)/((-2)/(-6)).
2
Let s(z) = 11*z - 148. What are the prime factors of s(37)?
7, 37
Let j = 5 + -2. Let z be (-2)/(9/36 + 26/(-40)). Suppose 0 = -0*l - z*l + 3*p + 25, 4*l - 47 = -j*p. List the prime factors of l.
2
Let b(z) = 36*z - 10. Let v(m) = -m**2 + 6*m + 20. Let y be v(8). What are the prime factors of b(y)?
2, 67
Let h(n) = -15*n - 4. Suppose 3*o - 16 = -4*w, 3*w - 20 = o - 8. Let t be h(w). What are the prime factors of t/(-3) + 2/(-6)?
3, 7
Let w = 13 + -23. What are the prime factors of ((-115)/w)/(3/18)?
3, 23
Suppose 27*q - 37296 - 118629 = 0. List the prime factors of q.
3, 5, 7, 11
Suppose 20 = 5*k - f, -8 = -2*k - 0*f - 3*f. Let q be 2/k*(9 + 53). Suppose 5*b + q = 6*b. List the prime factors of b.
31
Suppose 3*h = 2*s - 55, s - 5*h - 7 = 31. List the prime factors of s.
23
Suppose -2*n - 8 = 18. Let j(c) = -c**2 - 15*c - 11. Let l be j(n). Let w(y) = -y + 19. What are the prime factors of w(l)?
2
Let k be (3 - (1 - (1 - 4))) + 4. Suppose 5*s - j = 401, 103 = -k*s + j + 342. What are the prime factors of s?
3
Suppose -2*g - 3 = -7, -4*z = -5*g - 794. Let x = z + -49. What are the prime factors of x?
2, 19
Let x = 17 - 56. Let f = x - -229. List the prime factors of f.
2, 5, 19
Let l = 26 + -13. Let s be (-665)/38*(-4)/(-10)*-4. Let u = s - l. List the prime factors of u.
3, 5
Let y be (-27)/6*((-20)/15 - -2). List the prime factors of 174/(-9)*((0 - 0) + y).
2, 29
Let j(s) = s**2 + 12*s + 14. Let y be j(-11). Let n be (-4 - -3)/(y/(-12)). Let u = 13 + n. What are the prime factors of u?
17
Let j(o) = o**3 - 12*o**2 - 4*o - 66. List the prime factors of j(15).
3, 61
Let t = 8 - 1. Suppose t*f + 400 = 12*f. List the prime factors of f.
2, 5
Let d(b) = -5*b + 44. Let t be d(5). Let y be (1*-1)/((-4)/12). Suppose z = v - t, 30 = 5*v + y*z - 81. What are the prime factors of v?
3, 7
Let v = 110 - 96. Suppose -6*j + v*j - 2000 = 0. List the prime factors of j.
2, 5
Let y = 7952 - 5377. What are the prime factors of y?
5, 103
Let g(p) = -3*p**3 - 4*p**2 + 2*p + 3. Let s be g(-3). What are the prime factors of 9/6*s + 3?
2, 3, 11
Suppose 1796 = 3*k + 3*q - 4*q, -4*q + 1771 = 3*k. What are the prime factors of k?
3, 199
Let y(w) = 20*w + 6. Let u be y(-6). Let i = u + 196. What are the prime factors of i?
2, 41
List the prime factors of 14824/21 - 122/(-1281).
2, 353
Let q(v) = -3*v - 1. Let f = 21 + -17. Suppose 24 = -4*n + f*b, 10 = 2*n + 3*n + 3*b. List the prime factors of q(n).
2
Suppose 3 = -6*j + 3*j. Let v be j*(0/4 - 42). List the prime factors of v - (2 + 2)/(-1).
2, 23
Let j = 321 - -471. Suppose 4*m = 336 + j. Suppose -5*c = c - m. List the prime factors of c.
47
Let l(y) = 9*y**3 - y. Let j be 3/4 - (-9)/(-12). Suppose 0*k - 5*k + 5 = j. List the prime factors of l(k).
2
Let f = -32 + 41. Let a(u) = -u + 5 - 4*u**3 + f*u**2 + u**3 + 2*u**3 - 11. List the prime factors of a(8).
2, 5
Let z(s) = -s**3 - s**2 - 7*s - 2. Let g be z(-6). Suppose -4*v = -3*t - 185, t - 80 = 3*v - g. What are the prime factors of v?
47
Let y(n) be the second derivative of 5*n**3/6 + n**2 - 18*n. List the prime factors of y(0).
2
Let s = 2149 - 733. What are the prime factors of s?
2, 3, 59
Let f(r) = 2*r**2 - r - 5. Let n be f(-5). Suppose -6*o = -4*o - n. What are the prime factors of o?
5
Suppose 2*u + 574 = -u + 4*c, 5*u + 926 = -c. Let a = 309 + u. What are the prime factors of a?
3, 41
Let t = -9 - -13. Suppose -t*o - 3*v = 42, 6*o - 2*o + 34 = v. Let c(w) = -w**2 - 11*w + 14. What are the prime factors of c(o)?
2
Let n = -267 - -395. Suppose n = -0*u + 2*u. List the prime factors of u.
2
What are the prime factors of (-123)/(-287) + (-1866)/(-7)?
3, 89
Let x be (0 + 2)*(-2)/4. Let y = 5 + x. Suppose j = -y*j + 70. What are the prime factors of j?
2, 7
Let q(d) = -d - 4. Let r be q(-8). Suppose -16 = -4*y - r*c, 5*c + 10 = -0*y + 5*y. Suppose 0*h + h = -j + 26, y*j - 103 = -4*h. List the prime factors of h.
5
What are the prime factors of -6*(5931/54)/((-5)/15)?
3, 659
Let r = 1792 + -695. What are the prime factors of r?
1097
Let h(v) = -v**2 - 22*v - 4. Let t be (-1152)/63 - (-4)/14. List the prime factors of h(t).
2, 17
Let z be 4/6 - 854/(-6). Let l(m) = -15*m + 109. Let u be l(7). Suppose u*k + 3*p = 134, 3*k + 42 = -2*p + z. List the prime factors of k.
5, 7
Suppose 3*f = 4*a - 738, -f + 3*a - 256 = 5*a. Let t = 445 + f. List the prime factors of t.
3, 5, 13
Suppose -4*p + 9 = -p. Suppose -3*y = -p*m + 9, 2*m - 2*y + 6*y = 18. Suppose t + 47 = 5*o, 3*o - 42 = t - m*t. List the prime factors of o.
2, 5
Suppose 10*g + 5*s - 20640 = 5*g, 0 = -g + 3*s + 4136. List the prime factors of g.
2, 5, 7, 59
Let a = 1259 + -545. List the prime factors of a.
2, 3, 7, 17
Let w(m) = -341*m - 1008. List the prime factors of w(-13).
5, 137
List the prime factors of 6/(-4)*(-1808)/3.
2, 113
Let h = 36 + -31. Suppose -3*t - 39 = -4*k, 0*t + 63 = h*k + t. List the prime factors of k.
2, 3
Let z = -80 - -85. Suppose -z*x + 15 = 0, 5*b - 4*x - 1056 = -x. What are the prime factors of b?
3, 71
List the prime factors of 17876/16 + 5/(-4).
2, 3, 31
Let w(r) = 3*r**3 + 2*r**2 + r - 2. Let k be w(1). Suppose f = 9 + k. What are the prime factors of f?
13
Let o = 1170 + -807. What are the prime factors of o?
3, 11
Suppose -x - 4*x = 480. Let h = 185 + x. List the prime factors of h.
89
Suppose 1004 = 4*z + 348. List the prime factors of z.
2, 41
Let a = 69 + -27. Suppose 5*r + 0*w - a = -w, -5*r = 2*w - 39. What are the prime factors of 3*12/r - -53?
3, 19
Suppose 20 = 3*j + 11. Suppose 15 = j*o - 21. List the prime factors of o.
2, 3
Suppose -189 = -5*l - 5*z + z, -3*l + 3*z = -108. Let a = l - -4. What are the prime factors of a?
41
Let v = -19 - -21. Suppose r + 7 = -5*w, r + 2 = -2*w - v. What are the prime factors of (-161)/(-14) - (-1)/r?
11
Suppose 4*v = -4*y + 2808, y - 4*v + 2*v - 690 = 0. What are the prime factors of y?
2, 349
Suppose -2*x = 3*d - 8373, 0 = -3*x + 6*x + 9. List the prime factors of d.
3, 7, 19
Suppose 2*p - 3*z = 26, -2*p - 5*z + 28 = -14. Suppose -s + p = 3*s. Suppose 5*y = -0*y - s*j + 115, 0 = 2*y + j - 49. List the prime factors of y.
3
Let q = 763 - 310. What are the prime factors of q?
3, 151
What are the prime factors of 635*(-1)/(-10)*(-8)/(-2)?
2, 127
Let t = -20 + -43. Let z = -15 - t. What are the prime factors of z?
2, 3
Let a(r) = -r**3 + 8*r**2 + 4*r - 5. Let b be a(7). Suppose -3*f + b = -0*f. List the prime factors of f.
2, 3
Let f = 4666 - 798. List the prime factors of f.
2, 967
Let q(l) = 52*l - 204. What are the prime factors of q(55)?
2, 83
Let z = 2979 + -1982. What are the prime factors of z?
997
Let r = -37 - -38. Suppose -11 = -4*n + r. List the prime factors of n.
3
Supp